8*a**2 + 9*a - 15. Let g(k) = 5*k**3 + 25*k**2 - 28*k + 45. Let m(c) = -3*g(c) - 8*r(c). What are the prime factors of m(10)?
5
Let i be 21/(-7)*5/(-3). Let s(v) = v**2. List the prime factors of s(i).
5
Suppose -3*v + 6 = 0, 2*i + 24 = 7*i - 3*v. Let t = 4 - i. Let o = t + 4. What are the prime factors of o?
2
Suppose -8*c = -6*c - 8. List the prime factors of 82/c*(0 + 2).
41
List the prime factors of 98/1 + 7/(28/(-4)).
97
Let s(i) = -i + 4. Let f be s(10). Let y = -4 + f. List the prime factors of (-34)/y - 4/10.
3
Let j(w) = 4*w**3 + 4*w**2 - 4*w + 38. Let q(a) = -a**3 - a**2 + a - 13. Let n(o) = -2*j(o) - 7*q(o). List the prime factors of n(0).
3, 5
Let l be (-31)/(-3) + 3/(-9). Suppose -186 = -v - 4*a, -542 = -2*v - a - 205. List the prime factors of v/l - (-2)/5.
17
Let a(u) = -2*u**3 - 3*u**2 - 2*u - 2. Let y be a(-2). Suppose -s = -6*s - 4*l - y, -5*s = 2*l - 2. What are the prime factors of s?
2
Suppose -138 = -2*u + 4*m, u - 124 = -2*m - 43. What are the prime factors of u?
3, 5
Suppose 7*g - 4*g = 78. What are the prime factors of g?
2, 13
Let d = -5 + 7. Suppose 0 = 2*x - 2 - d. List the prime factors of x.
2
Suppose 3*u + u - 88 = 0. Suppose 3*z = -3*l + 5*z + 78, l = 2*z + u. List the prime factors of l.
2, 7
Suppose -g - 2*r = -380, -883 = -3*g + 4*r + 297. List the prime factors of g.
2, 97
Suppose -4*v + 6*v - 1095 = -5*h, 438 = 2*h - v. List the prime factors of h.
3, 73
Let f(j) = j**3 + 5*j**2 + j + 7. Let k be f(-5). Let l be -1*17/k*-2. Let o = l - 12. List the prime factors of o.
5
List the prime factors of ((-1)/(-2))/(3/282).
47
Let c = -2 + -16. List the prime factors of -4 - c - 1/1.
13
Suppose -8 - 4 = 4*m. Let t = m - -19. List the prime factors of t.
2
Let m(t) = -t**2 + 17*t + 3. What are the prime factors of m(13)?
5, 11
Let j be 11 - (1 - 2 - 0). Suppose -2*o + 0*o + j = 0. Suppose a - o = -a. What are the prime factors of a?
3
Suppose -3*y + 2*j = -20, -7*y + 5*j = -2*y - 30. Let r = y - 3. Suppose 47 + r = 4*a. List the prime factors of a.
13
Let s(l) = 2*l. Let z be s(2). Let f(b) = -b**2 + 7*b - 2. Let r be f(z). Suppose 0 = -u - 5*j + r, -4*u - 2*j + 3*j = -61. What are the prime factors of u?
3, 5
Let c(u) be the third derivative of u**5/60 - u**3/2 + u**2. Suppose 6*g - 3*g + 9 = 0. What are the prime factors of c(g)?
2, 3
Let u be 4/(-6)*9/(-2). Suppose 0 = u*k - 8*k + 100. What are the prime factors of k?
2, 5
Suppose -4*b + 100 = -2*b. What are the prime factors of b?
2, 5
Let v(t) = t**2 - 2*t - 3. Let a be v(-2). Suppose 0 = -4*d - r + 37, 0*r = a*d + 3*r - 48. List the prime factors of d.
3
List the prime factors of 18*(0 - -2) + -3.
3, 11
Let j(d) = d**3 - 6*d**2 - 5*d + 3. List the prime factors of j(7).
17
Suppose i - 98 = 3*d - 38, 3*d = 4*i - 285. What are the prime factors of i?
3, 5
Let o(f) be the first derivative of f**4/4 - f**2/2 + 8*f - 1. Let j be o(0). Suppose 0 = v + p - 4, 2*v + 0 = 5*p + j. What are the prime factors of v?
2
Suppose 0 = -3*v + 2 + 7. Let z(l) = l**v + 6 + 4*l**3 - 5*l - 6*l**3 + 5*l**2. What are the prime factors of z(4)?
2
Suppose 4*h - 12 = -0*h. Suppose -4*r - 3*x + 12 = -7*x, 2*r = h*x + 5. Suppose 4*k - 2 = -r*w + 26, -5*w + 4*k + 8 = 0. What are the prime factors of w?
2
Let l be (-2)/(-8) + 766/8. Suppose 2*x - 6*x + l = 0. What are the prime factors of x?
2, 3
Let u = 380 - 171. List the prime factors of u.
11, 19
Let b(r) = r**3 + 4*r**2 - 7*r - 7. Suppose -2*v = 2*k + 20, -3*k + 4*v + 4 = -1. List the prime factors of b(k).
3
Suppose -1287 = -7*y + 2*y - 2*h, 4*y + 2*h - 1030 = 0. List the prime factors of y.
257
Suppose -d + 84 = -2*t + 4*t, 0 = 3*t + 3*d - 123. What are the prime factors of t?
43
Let s be (-5)/((-28)/12 + 2). Let i = s + -10. List the prime factors of i.
5
Suppose -3*z + 7*z = -8, 3*s - 5 = -5*z. Suppose -3*l + s = -h - 11, -4*h - 4 = 0. What are the prime factors of l?
5
Let i(x) = -51*x - 31. What are the prime factors of i(-7)?
2, 163
Suppose -5*j + 2*k - 6 + 21 = 0, 4*j = 4*k + 12. Suppose 0 = 4*a - 2*a - 4. Suppose -j*d = -2*l + a, -2*l + 5*l = 12. What are the prime factors of d?
2
Let s(t) = -t - 3. Let i be s(-5). Suppose 2 + 2 = i*r. Suppose -4*b + 43 = n + r*n, -n - 5*b + 29 = 0. What are the prime factors of n?
3
Suppose -2*u - 8 = -6*u. Suppose 0 = n - u - 1. Suppose 2*s - 21 = -n. What are the prime factors of s?
3
Let d(k) = k + 3. Let s = -4 - -1. Let p be d(s). Suppose 4*u = 6*u + 2*b - 30, p = 2*u + b - 26. What are the prime factors of u?
11
Suppose 3*y - 3*v - 18 = 0, -4*y - 11 - 1 = 5*v. Suppose y*g - w = 49, 6 = 2*g + 4*w - 18. What are the prime factors of g?
2, 11
Suppose 0 = -2*a + 3*a + 5, 5*y + 5*a + 15 = 0. Suppose -h - y*v + 32 = 0, 0 = 4*v - 5 - 3. List the prime factors of h.
2, 7
Suppose 3 + 9 = -3*y. Let t = y - -20. What are the prime factors of t?
2
Let v = 1 + 39. What are the prime factors of v?
2, 5
Let n = -27 + 70. What are the prime factors of n?
43
Suppose 3*a + k = 7*a - 16, -2*k = -8. Suppose 2*y + 4*f - 54 = 0, -y + 21 = a*f - 3. Suppose -b = 3*d - 0*b - y, -2*d + 38 = -4*b. List the prime factors of d.
11
Let y(b) = -5*b**3 - 14*b**2 + 12*b + 2. Let a(u) = 11*u**3 + 29*u**2 - 25*u - 4. Let h(n) = -6*a(n) - 13*y(n). What are the prime factors of h(7)?
5
Let l(c) be the second derivative of c**3/2 - 2*c**2 + c. What are the prime factors of l(7)?
17
Let a = 19 - 13. Suppose 0 = -4*p - 2*t, 3*p + 4*t + 22 = a*p. What are the prime factors of p?
2
Let p(c) = 4*c**2 + 4*c + 2. What are the prime factors of p(-4)?
2, 5
Suppose -3*o + 177 = 63. Suppose -2*u = -o - 26. What are the prime factors of u?
2
Suppose 0 = y - 0*y + 2*z - 11, 0 = -3*y + 2*z + 25. List the prime factors of y.
3
Suppose 0 = 3*p + 4*x - 147, -3*p + 3*x - x = -147. List the prime factors of p/2 - (-3)/(-6).
2, 3
Let v(q) = 4*q**2 - 3*q - 3. Let m be 14/(-49) + 158/14. Let f(d) = 21*d**2 - 15*d - 16. Let u(a) = m*v(a) - 2*f(a). List the prime factors of u(-2).
13
Let s = -94 + 215. List the prime factors of s.
11
Suppose 5*a - q - 434 = -61, 2*a = -3*q + 156. Suppose -15 = -3*v + a. Let i = -17 + v. List the prime factors of i.
13
Suppose -4*y + 2*y = -3*y. Let q = -2 + 3. Suppose y = 2*s - 9 + q. What are the prime factors of s?
2
Let j = 84 + -38. List the prime factors of j.
2, 23
Suppose -5*j - 978 = -4*t, 0 = 9*j - 10*j + 2. List the prime factors of t.
13, 19
Suppose -3*h = 2*h - 40. Suppose -3*u + h*u - 4*p - 70 = 0, 4*u - 5*p - 47 = 0. What are the prime factors of u?
2, 3
Let b(q) = -q**3 - 6*q**2 - 3*q + 8. What are the prime factors of b(-7)?
2, 3, 13
List the prime factors of (-70)/15*72/(-14).
2, 3
Let f(n) = -14*n + 4. What are the prime factors of f(-10)?
2, 3
Let u(w) = -w**3 + 3*w + 3. Let l be u(-2). Suppose 0 = -3*m + 6, l*o + 3*m = m + 189. List the prime factors of o.
37
Let d(m) = 2*m**3 + m**3 - 4*m**3 + 47. Let c be d(0). Let k = c + -24. List the prime factors of k.
23
Suppose -i + 1 = -6. Let w(u) = 3*u + 4. List the prime factors of w(i).
5
Let l(t) = 2*t + 4. Let u be l(0). Suppose -d + 14 = -s, -2*d + s + 26 + u = 0. What are the prime factors of d?
2
Suppose -3*y = -5*y + 168. What are the prime factors of y?
2, 3, 7
Suppose 56 = 2*q - 40. List the prime factors of q.
2, 3
Let v(t) = -3*t - t - t + 6*t. Let d(m) = 6*m + 4. Let h(u) = -d(u) + 5*v(u). List the prime factors of h(-7).
3
Let t(v) = -5*v**2 - v. Let u be t(1). What are the prime factors of (6/4)/((-1)/u)?
3
Suppose -s = 2*s - 9. Suppose 4*p + o = 2*p + 39, -2*p + s*o + 59 = 0. List the prime factors of p.
2, 11
List the prime factors of 115/(-2)*(-18)/45.
23
Let y(u) = 9*u**2 - 5*u - 12. List the prime factors of y(5).
2, 47
Suppose 0 = 29*q - 25*q - 384. What are the prime factors of q?
2, 3
Let g = -65 - -91. What are the prime factors of g?
2, 13
Let x = -1 + 5. Suppose 5*d = -0*d + 10. Let u = d + x. What are the prime factors of u?
2, 3
Let d(a) = 0*a**2 - a**2 + 7*a - 2 + 1. Let h(k) = -2*k. Let g be h(-3). What are the prime factors of d(g)?
5
What are the prime factors of 1/(-4) + (-2382)/(-24)?
3, 11
Let z = -1 + 3. Let o = 0 + 5. Suppose 4*d + o = 1, -z*i = d - 15. List the prime factors of i.
2
Let i(n) = n**3 + n. Let s be i(1). Suppose z = 14 - s. What are the prime factors of z?
2, 3
Let h = 22 - 14. Let d = 18 - h. S